?
35
In base 5, what is -10 - -221?
211
In base 16, what is -72 - -e?
-64
In base 7, what is -112 + 5?
-104
In base 3, what is -12 + -1101?
-1120
In base 15, what is 428 - -1?
429
In base 6, what is 22 - -43?
105
In base 7, what is 246 - -4?
253
In base 7, what is 413 - -2?
415
In base 14, what is -ab - 34?
-101
In base 13, what is -24 + -3c?
-63
In base 2, what is 10110011001 - -111?
10110100000
In base 3, what is 211 - -20?
1001
In base 2, what is -11 + -110110011110?
-110110100001
In base 5, what is -1024 + -224?
-1303
In base 3, what is -211002 + -1?
-211010
In base 13, what is -38a6 + 5?
-38a1
In base 8, what is 207 - -4?
213
In base 6, what is -3100 + 10?
-3050
In base 3, what is 10 - 11110?
-11100
In base 15, what is -98 - -1?
-97
In base 7, what is 3 - -304?
310
In base 2, what is 1 + -1011111?
-1011110
In base 13, what is -1 - -63?
62
In base 13, what is c24a + -5?
c245
In base 14, what is -a - -d0b?
d01
In base 16, what is 15b - -f?
16a
In base 10, what is -233 - -109?
-124
In base 6, what is 10424 + -2?
10422
In base 9, what is -5 + -402?
-407
In base 12, what is -26 + -9?
-33
In base 6, what is 34 - 43?
-5
In base 2, what is -1 + -1101?
-1110
In base 6, what is -443 - 3?
-450
In base 6, what is 15 + -340?
-321
In base 4, what is -103 + -22?
-131
In base 10, what is 1019 + -4?
1015
In base 6, what is 5 + 44?
53
In base 8, what is 1177 - -23?
1222
In base 8, what is 16 + 4?
22
In base 6, what is -420 - -24?
-352
In base 3, what is 0 + 1222202?
1222202
In base 5, what is -20431 + 0?
-20431
In base 5, what is -20 + -3000?
-3020
In base 15, what is -158 - -2?
-156
In base 8, what is -13 - -3?
-10
In base 14, what is 3 + aa7?
aaa
In base 2, what is 100 - -100111100?
101000000
In base 14, what is 2 + -5b?
-59
In base 9, what is -3 - 14?
-17
In base 8, what is -13 + 5121?
5106
In base 16, what is -774 - -2?
-772
In base 2, what is -1010110 + 10?
-1010100
In base 5, what is 2 - 0?
2
In base 5, what is 2033 + -1?
2032
In base 11, what is -1092 - 1?
-1093
In base 10, what is 2 - -285?
287
In base 9, what is -8210 - 7?
-8217
In base 11, what is a89 + 3?
a91
In base 12, what is -6 - -3b?
35
In base 10, what is 43 + -581?
-538
In base 4, what is -2132 + -10?
-2202
In base 14, what is 89 - -13?
9c
In base 15, what is 408 - 0?
408
In base 13, what is -136 - 7?
-140
In base 5, what is 13004 - -1?
13010
In base 14, what is -12b + -1?
-12c
In base 14, what is -d6 - d?
-105
In base 10, what is -1 - 54?
-55
In base 4, what is 22 - 223111?
-223023
In base 2, what is -11100001100 + -11?
-11100001111
In base 2, what is 101111 + -11001?
10110
In base 2, what is -1110 + 101?
-1001
In base 4, what is 2110 - 33?
2011
In base 10, what is 919 - 5?
914
In base 11, what is 52 + -4?
49
In base 7, what is -6 - -45?
36
In base 16, what is 2 - -40?
42
In base 3, what is 11 - 2012020?
-2012002
In base 6, what is 30343 - -3?
30350
In base 15, what is 3 + b87?
b8a
In base 10, what is 2 + -68?
-66
In base 3, what is 202200011 + 11?
202200022
In base 13, what is 4 - 96?
-92
In base 13, what is 6 - -30?
36
In base 14, what is 4 + -50?
-4a
In base 6, what is 115 - 5?
110
In base 7, what is 2 - 102?
-100
In base 14, what is -33 + -a?
-3d
In base 14, what is 343 + -1?
342
In base 7, what is -5361 + -5?
-5366
In base 3, what is 112220 + -10?
112210
In base 10, what is 2239 + -2?
2237
In base 5, what is -3 - 13103?
-13111
In base 12, what is -b - 61?
-70
In base 13, what is -208 - 4?
-20c
In base 5, what is 21 + 301?
322
In base 8, what is 21 + 56?
77
In base 6, what is 104 + -305?
-201
In base 5, what is -100 + 2422?
2322
In base 6, what is 134 - -14?
152
In base 16, what is -8a + 0?
-8a
In base 11, what is -1596 - 5?
-15a0
In base 4, what is -131 + -1032?
-1223
In base 9, what is -4 - 137?
-142
In base 14, what is -4c0 - -3?
-4bb
In base 2, what is 11101 + -1001001?
-101100
In base 6, what is -2 + -12344?
-12350
In base 6, what is 145000 - 0?
145000
In base 11, what is 11 + 20?
31
In base 10, what is -42 - -5?
-37
In base 2, what is -1100 - -10001?
101
In base 15, what is -1 + 41b?
41a
In base 11, what is 34 - 0?
34
In base 16, what is -7f - -2?
-7d
In base 8, what is 7622 + -1?
7621
In base 5, what is -10 - 33303?
-33313
In base 12, what is -17 - 87?
-a2
In base 5, what is 134 - -4?
143
In base 8, what is 4517 + -2?
4515
In base 8, what is 4 - 2137?
-2133
In base 10, what is -4 + -116?
-120
In base 7, what is -204 - 5?
-212
In base 3, what is 12121 - -1010?
20201
In base 3, what is 2120 - 21?
2022
In base 6, what is -231 + -5?
-240
In base 9, what is 3 + -41?
-37
In base 12, what is -6 - 369?
-373
In base 5, what is 1022 - -4?
1031
In base 3, what is 121102 + -11?
121021
In base 10, what is -760 - 0?
-760
In base 13, what is -3 + -43?
-46
In base 11, what is 209 + -5?
204
In base 13, what is -1a9b - 3?
-1aa1
In base 9, what is 5 + 17?
23
In base 9, what is 2286 + 2?
2288
In base 2, what is -1 - 101001110101?
-101001110110
In base 2, what is -100 + -1100010?
-1100110
In base 16, what is 190 + 3?
193
In base 14, what is -3 - 140?
-143
In base 13, what is -4 - 19?
-20
In base 13, what is 3 + 6?
9
In base 15, what is 2 - -69?
6b
In base 14, what is 15 - 1?
14
In base 15, what is -c - 111?
-11d
In base 5, what is 10 - -133?
143
In base 16, what is -3bd3 + 4?
-3bcf
In base 3, what is -110 + -10121?
-11001
In base 15, what is -3 + 790?
78c
In base 8, what is 13 + 21?
34
In base 14, what is 2 + -2b?
-29
In base 15, what is -4 - -d?
9
In base 8, what is -37127 - -3?
-37124
In base 3, what is 0 + -10100?
-10100
In base 2, what is 110110101 - -1110?
111000011
In base 11, what is 5 - -12?
17
In base 14, what is 3 - 669?
-666
In base 14, what is 269d + 1?
26a0
In base 7, what is 3 + -162?
-156
In base 5, what is -10 - -3020?
3010
In base 11, what is -1 - -3968?
3967
In base 7, what is 1123 - -2?
1125
In base 15, what is -23e - 0?
-23e
In base 16, what is -3 - -53?
50
In base 15, what is -371 - 4?
-375
In base 3, what is -11120111 - -22?
-11120012
In base 11, what is -8 + -36?
-43
In base 10, what is -8437 + 1?
-8436
In base 3, what is -2221 + -10?
-10001
In base 14, what is -2c + -2?
-30
In base 11, what is 5 - 515?
-510
In base 16, what is -137 - -22?
-115
In base 9, what is 40 + 10?
50
In base 3, what is -1110 + -1101?
-2211
In base 11, what is -2 + -1a?
-21
In base 16, what is 4 - 455?
-451
In base 12, what is 5 + 43?
48
In base 12, what is -4 + 413?
40b
In base 4, what is -11 + 333010?
332333
In base 9, what is -1 - 813?
-814
In base 2, what is 10101 + -111?
1110
In base 9, what is 570 - 3?
566
In base 3, what is -212212121 + 10?
-212212111
In base 2, what is -111 + -1100?
-10011
In base 10, what is 5 - -20?
25
In base 10, what is -2 - 318?
-320
In base 13, what is 4 + -12?
-b
In base 11, what is -5 + a79?
a74
In base 4, what is -3 + -23011?
-23020
In base 7, what is 0 - -345?
345
In base 5, what is -3 + -2?
-10
In base 13, what is -10 - a?
-1a
In base 5, what is -10 - 2244?
-2304
In base 7, what is -10 - -5?
-2
In base 16, what is 2 + -3?
-1
In base 2, what is 100110101000 + -11?
100110100101
In base 2, what is 0 - 10101?
-10101
In base 14, what is 47 + 64?
ab
In base 9, what is -3 - -44?
41
In base 5, what is 441 - 324?
112
In base 7, what is -5 - 364?
-402
In base 13, what is -82 + -90?
-142
In base 7, what is -6 + 102?
63
In base 8, what is 2347 - 2?
2345
In base 2, what is -1000000111 + -1001?
-1000010000
In base 16, what is 1 + -70c?
-70b
In base 5, what is -13 - -31?
13
In base 5, what is -1222 - -1?
-1221
In base 6, what is -2 - -1220?
1214
In base 13, what is 21 - 34?
-13
In base 5, what is -103 + 1042?
434
In base 9, what is 253 - 3?
250
In base 11, what is -227 + 3?
-224
In base 12, what is 3 - 29?
-26
In base 11, what is -1240 - 2?
-1242
In base 8, what is 24 + 176?
222
In base 6, what is -3 + 112?
105
In base 9, what is 17 - -40?
57
In base 15, what is 0 + -b5?
-b5
In base 9, what is -164 + 5?
-158
In base 3, what is -100 + 12200?
12100
In base 3, what is -1011 - -102?
-202
In base 8, what is -1113 - -1?
-1112
In base 15, what is -54 - 5?
-59
In base 8, what is -6 - -34?
26
In base 13, what is -7 + 10?
6
In base 8, what is -1353 - 2?
-1355
In base 13, what is 10 + -98?
-88
In base 10, what is 280 + -77?
203
In base 12, what is 85a + 4?
862
In base 4, what is 11131 -